{"id":88,"date":"2010-02-15T11:50:15","date_gmt":"2010-02-15T10:50:15","guid":{"rendered":"http:\/\/lecavo.ch\/soirees\/?page_id=88"},"modified":"2019-12-16T18:23:06","modified_gmt":"2019-12-16T17:23:06","slug":"liens","status":"publish","type":"page","link":"https:\/\/lecavo.ch\/soirees\/liens\/","title":{"rendered":"Liens"},"content":{"rendered":"<h3 style=\"text-align: left;\"><div class=\"ap_tagline_box clearfix ap-left-border-box\">Liens d&rsquo;int\u00e9r\u00eats<\/div><\/h3>\n<p style=\"text-align: center;\"><a href=\"https:\/\/boudoirdenicky.com\" target=\"_blank\" rel=\"noopener noreferrer\"><img loading=\"lazy\" decoding=\"async\" class=\"size-full wp-image-5725 aligncenter\" src=\"https:\/\/lecavo.ch\/soirees\/wp-content\/uploads\/Logo-BDN.001-e1525968909327.jpeg\" alt=\"le boudoir de Nicky\" width=\"160\" height=\"106\" \/><\/a><\/p>\n<p style=\"text-align: center;\"><a href=\"http:\/\/www.encordages-lemaniques.ch\">Encordages L\u00e9maniques<\/a><\/p>\n<p class=\"style_body\" style=\"text-align: center;\"><a href=\"https:\/\/www.metamorphose.fr\" target=\"_blank\" rel=\"nofollow noopener noreferrer\">Metamorph&rsquo;ose Paris<\/a><\/p>\n<p style=\"text-align: center;\"><a href=\"https:\/\/www.serious-matter.com\" target=\"_blank\" rel=\"nofollow noopener noreferrer\">Serious Matter<\/a><\/p>\n<p style=\"text-align: center;\"><a href=\"https:\/\/www.scorpionsoumis.net\" target=\"_blank\" rel=\"nofollow noopener noreferrer\">Scorpion Soumis<\/a><\/p>\n<p style=\"text-align: center;\"><a href=\"https:\/\/www.gouters-du-divin-marquis.com\" target=\"_blank\" rel=\"nofollow noopener noreferrer\">Les Go\u00fbters du Divin Marquis &#8211; Paris<\/a><\/p>\n<p class=\"style_body\" style=\"text-align: center;\"><a href=\"https:\/\/shop.morgane-folies.com\" target=\"_blank\" rel=\"nofollow noopener noreferrer\"><img loading=\"lazy\" decoding=\"async\" class=\"aligncenter\" title=\"Les Folies de Morgane\" src=\"https:\/\/shop.morgane-folies.com\/Banniere_MF_468_60_a.jpg\" alt=\"\" width=\"468\" height=\"60\" \/><\/a><\/p>\n<p class=\"style_body\" style=\"text-align: center;\"><a href=\"http:\/\/corpusornamentum.canalblog.com\/\" target=\"_blank\" rel=\"nofollow noopener noreferrer\"><img loading=\"lazy\" decoding=\"async\" class=\"aligncenter wp-image-243 size-full\" style=\"border: 0pt none;\" title=\"Corpus Delicti\" src=\"https:\/\/lecavo.ch\/soirees\/wp-content\/uploads\/2010\/02\/Corpus-Delicti.jpg\" alt=\"\" width=\"400\" height=\"77\" \/><\/a><\/p>\n<p class=\"style_body\" style=\"text-align: center;\"><a href=\"https:\/\/fetlife.com\/users\/5247806\" target=\"_blank\" rel=\"noopener noreferrer\"><img loading=\"lazy\" decoding=\"async\" class=\"nofollow aligncenter\" src=\"https:\/\/banners.fetlife.com\/we_heart_fetlife_120.png\" alt=\"I (heart) FetLife: BDSM &amp; Fetish Community for Kinksters, by kinksters\" width=\"120\" height=\"120\" \/><\/a><\/p>\n<p style=\"text-align: center;\">Si vous d\u00e9sirez effectuer liens vers le site du Cav&rsquo;O, vous pouvez utiliser notre banni\u00e8re :<\/p>\n<p style=\"text-align: center;\"><a href=\"https:\/\/lecavo.ch\/soirees\/wp-content\/uploads\/2010\/02\/lecavo-banniere-1.jpg\"><img loading=\"lazy\" decoding=\"async\" class=\"aligncenter wp-image-1229 size-full\" src=\"https:\/\/lecavo.ch\/soirees\/wp-content\/uploads\/2010\/02\/lecavo-banniere-1.jpg\" alt=\"Soir\u00e9es et \u00e9v\u00e8nements BDSM\" width=\"468\" height=\"60\" \/><\/a><\/p>\n<address style=\"text-align: center;\"><a href=\"https:\/\/lecavo.ch\/soirees\/wp-content\/uploads\/2010\/02\/lecavo-banniere-1.jpg\"><strong>image disponible ici<\/strong><\/a><\/address>\n<address style=\"text-align: center;\">adresse du lien :<strong> https:\/\/lecavo.ch<\/strong><\/address>\n<address style=\"text-align: center;\">Description :<strong> \u00ab\u00a0Le Cav&rsquo;O &#8211; Soir\u00e9es BDSM en Suisse Romande\u00a0\u00bb<\/strong><\/address>\n<address style=\"text-align: center;\">\u00a0<\/address>\n<address style=\"text-align: center;\">Ou utiliser le code HTML suivant \u00e0 ins\u00e9rer dans vos pages :<\/address>\n<pre style=\"text-align: center;\"><code>&lt;a href=\"https:\/\/lecavo.ch\" target=\"_blank\"&gt; &lt;img src=\"https:\/\/lecavo.ch\/soirees\/wp-content\/uploads\/2010\/02\/lecavo-banniere-1.jpg\" alt=\"Le Cav\u2019O \u2013 Soir\u00e9es BDSM - La passion du BDSM par Jeff et Nicky\" width=\"468\" height=\"60\" border=\"0\" \/&gt;&lt;\/a&gt;<\/code><\/pre>\n","protected":false},"excerpt":{"rendered":"<p>Encordages L\u00e9maniques Metamorph&rsquo;ose Paris Serious Matter Scorpion Soumis Les Go\u00fbters du Divin Marquis &#8211; Paris Si vous d\u00e9sirez effectuer liens vers le site du Cav&rsquo;O, vous pouvez utiliser notre banni\u00e8re : image disponible ici adresse du lien : https:\/\/lecavo.ch Description : \u00ab\u00a0Le Cav&rsquo;O &#8211; Soir\u00e9es BDSM en Suisse Romande\u00a0\u00bb \u00a0 Ou utiliser le code HTML&#8230;<\/p>\n","protected":false},"author":1,"featured_media":0,"parent":0,"menu_order":99,"comment_status":"closed","ping_status":"closed","template":"","meta":{"footnotes":""},"class_list":["post-88","page","type-page","status-publish","hentry"],"yoast_head":"<!-- This site is optimized with the Yoast SEO plugin v27.1.1 - https:\/\/yoast.com\/product\/yoast-seo-wordpress\/ -->\n<title>Liens - Le CavO<\/title>\n<meta name=\"description\" content=\"Vous pouvez effectuer un \u00e9change de liens avec le site du Cav&#039;O depuis cette page.\" \/>\n<meta name=\"robots\" content=\"index, follow, max-snippet:-1, max-image-preview:large, max-video-preview:-1\" \/>\n<link rel=\"canonical\" href=\"https:\/\/lecavo.ch\/soirees\/liens\/\" \/>\n<meta property=\"og:locale\" content=\"fr_FR\" \/>\n<meta property=\"og:type\" content=\"article\" \/>\n<meta property=\"og:title\" content=\"Liens - Le CavO\" \/>\n<meta property=\"og:description\" content=\"Vous pouvez effectuer un \u00e9change de liens avec le site du Cav&#039;O depuis cette page.\" \/>\n<meta property=\"og:url\" content=\"https:\/\/lecavo.ch\/soirees\/liens\/\" \/>\n<meta property=\"og:site_name\" content=\"Le CavO\" \/>\n<meta property=\"article:modified_time\" content=\"2019-12-16T17:23:06+00:00\" \/>\n<meta property=\"og:image\" content=\"https:\/\/lecavo.ch\/soirees\/wp-content\/uploads\/Logo-BDN.001-e1525968909327.jpeg\" \/>\n<meta name=\"twitter:card\" content=\"summary_large_image\" \/>\n<meta name=\"twitter:site\" content=\"@Le_CavO\" \/>\n<meta name=\"twitter:label1\" content=\"Dur\u00e9e de lecture estim\u00e9e\" \/>\n\t<meta name=\"twitter:data1\" content=\"1 minute\" \/>\n<script type=\"application\/ld+json\" class=\"yoast-schema-graph\">{\"@context\":\"https:\/\/schema.org\",\"@graph\":[{\"@type\":\"WebPage\",\"@id\":\"https:\/\/lecavo.ch\/soirees\/liens\/\",\"url\":\"https:\/\/lecavo.ch\/soirees\/liens\/\",\"name\":\"Liens - Le CavO\",\"isPartOf\":{\"@id\":\"https:\/\/lecavo.ch\/soirees\/#website\"},\"primaryImageOfPage\":{\"@id\":\"https:\/\/lecavo.ch\/soirees\/liens\/#primaryimage\"},\"image\":{\"@id\":\"https:\/\/lecavo.ch\/soirees\/liens\/#primaryimage\"},\"thumbnailUrl\":\"https:\/\/lecavo.ch\/soirees\/wp-content\/uploads\/Logo-BDN.001-e1525968909327.jpeg\",\"datePublished\":\"2010-02-15T10:50:15+00:00\",\"dateModified\":\"2019-12-16T17:23:06+00:00\",\"description\":\"Vous pouvez effectuer un \u00e9change de liens avec le site du Cav'O depuis cette page.\",\"breadcrumb\":{\"@id\":\"https:\/\/lecavo.ch\/soirees\/liens\/#breadcrumb\"},\"inLanguage\":\"fr-FR\",\"potentialAction\":[{\"@type\":\"ReadAction\",\"target\":[\"https:\/\/lecavo.ch\/soirees\/liens\/\"]}]},{\"@type\":\"ImageObject\",\"inLanguage\":\"fr-FR\",\"@id\":\"https:\/\/lecavo.ch\/soirees\/liens\/#primaryimage\",\"url\":\"https:\/\/lecavo.ch\/soirees\/wp-content\/uploads\/Logo-BDN.001-e1525968909327.jpeg\",\"contentUrl\":\"https:\/\/lecavo.ch\/soirees\/wp-content\/uploads\/Logo-BDN.001-e1525968909327.jpeg\",\"width\":160,\"height\":106,\"caption\":\"le boudoir de Nicky\"},{\"@type\":\"BreadcrumbList\",\"@id\":\"https:\/\/lecavo.ch\/soirees\/liens\/#breadcrumb\",\"itemListElement\":[{\"@type\":\"ListItem\",\"position\":1,\"name\":\"Accueil\",\"item\":\"https:\/\/lecavo.ch\/soirees\/\"},{\"@type\":\"ListItem\",\"position\":2,\"name\":\"Liens\"}]},{\"@type\":\"WebSite\",\"@id\":\"https:\/\/lecavo.ch\/soirees\/#website\",\"url\":\"https:\/\/lecavo.ch\/soirees\/\",\"name\":\"Le CavO\",\"description\":\"Ev\u00e8nements et Soir\u00e9es BDSM en Suisse Romande\",\"publisher\":{\"@id\":\"https:\/\/lecavo.ch\/soirees\/#\/schema\/person\/0250be2159f0c169e5a02c51a2133842\"},\"potentialAction\":[{\"@type\":\"SearchAction\",\"target\":{\"@type\":\"EntryPoint\",\"urlTemplate\":\"https:\/\/lecavo.ch\/soirees\/?s={search_term_string}\"},\"query-input\":{\"@type\":\"PropertyValueSpecification\",\"valueRequired\":true,\"valueName\":\"search_term_string\"}}],\"inLanguage\":\"fr-FR\"},{\"@type\":[\"Person\",\"Organization\"],\"@id\":\"https:\/\/lecavo.ch\/soirees\/#\/schema\/person\/0250be2159f0c169e5a02c51a2133842\",\"name\":\"Le CavO\",\"logo\":{\"@id\":\"https:\/\/lecavo.ch\/soirees\/#\/schema\/person\/image\/\"},\"sameAs\":[\"https:\/\/lecavo.ch\"]}]}<\/script>\n<!-- \/ Yoast SEO plugin. -->","yoast_head_json":{"title":"Liens - Le CavO","description":"Vous pouvez effectuer un \u00e9change de liens avec le site du Cav'O depuis cette page.","robots":{"index":"index","follow":"follow","max-snippet":"max-snippet:-1","max-image-preview":"max-image-preview:large","max-video-preview":"max-video-preview:-1"},"canonical":"https:\/\/lecavo.ch\/soirees\/liens\/","og_locale":"fr_FR","og_type":"article","og_title":"Liens - Le CavO","og_description":"Vous pouvez effectuer un \u00e9change de liens avec le site du Cav'O depuis cette page.","og_url":"https:\/\/lecavo.ch\/soirees\/liens\/","og_site_name":"Le CavO","article_modified_time":"2019-12-16T17:23:06+00:00","og_image":[{"url":"https:\/\/lecavo.ch\/soirees\/wp-content\/uploads\/Logo-BDN.001-e1525968909327.jpeg","type":"","width":"","height":""}],"twitter_card":"summary_large_image","twitter_site":"@Le_CavO","twitter_misc":{"Dur\u00e9e de lecture estim\u00e9e":"1 minute"},"schema":{"@context":"https:\/\/schema.org","@graph":[{"@type":"WebPage","@id":"https:\/\/lecavo.ch\/soirees\/liens\/","url":"https:\/\/lecavo.ch\/soirees\/liens\/","name":"Liens - Le CavO","isPartOf":{"@id":"https:\/\/lecavo.ch\/soirees\/#website"},"primaryImageOfPage":{"@id":"https:\/\/lecavo.ch\/soirees\/liens\/#primaryimage"},"image":{"@id":"https:\/\/lecavo.ch\/soirees\/liens\/#primaryimage"},"thumbnailUrl":"https:\/\/lecavo.ch\/soirees\/wp-content\/uploads\/Logo-BDN.001-e1525968909327.jpeg","datePublished":"2010-02-15T10:50:15+00:00","dateModified":"2019-12-16T17:23:06+00:00","description":"Vous pouvez effectuer un \u00e9change de liens avec le site du Cav'O depuis cette page.","breadcrumb":{"@id":"https:\/\/lecavo.ch\/soirees\/liens\/#breadcrumb"},"inLanguage":"fr-FR","potentialAction":[{"@type":"ReadAction","target":["https:\/\/lecavo.ch\/soirees\/liens\/"]}]},{"@type":"ImageObject","inLanguage":"fr-FR","@id":"https:\/\/lecavo.ch\/soirees\/liens\/#primaryimage","url":"https:\/\/lecavo.ch\/soirees\/wp-content\/uploads\/Logo-BDN.001-e1525968909327.jpeg","contentUrl":"https:\/\/lecavo.ch\/soirees\/wp-content\/uploads\/Logo-BDN.001-e1525968909327.jpeg","width":160,"height":106,"caption":"le boudoir de Nicky"},{"@type":"BreadcrumbList","@id":"https:\/\/lecavo.ch\/soirees\/liens\/#breadcrumb","itemListElement":[{"@type":"ListItem","position":1,"name":"Accueil","item":"https:\/\/lecavo.ch\/soirees\/"},{"@type":"ListItem","position":2,"name":"Liens"}]},{"@type":"WebSite","@id":"https:\/\/lecavo.ch\/soirees\/#website","url":"https:\/\/lecavo.ch\/soirees\/","name":"Le CavO","description":"Ev\u00e8nements et Soir\u00e9es BDSM en Suisse Romande","publisher":{"@id":"https:\/\/lecavo.ch\/soirees\/#\/schema\/person\/0250be2159f0c169e5a02c51a2133842"},"potentialAction":[{"@type":"SearchAction","target":{"@type":"EntryPoint","urlTemplate":"https:\/\/lecavo.ch\/soirees\/?s={search_term_string}"},"query-input":{"@type":"PropertyValueSpecification","valueRequired":true,"valueName":"search_term_string"}}],"inLanguage":"fr-FR"},{"@type":["Person","Organization"],"@id":"https:\/\/lecavo.ch\/soirees\/#\/schema\/person\/0250be2159f0c169e5a02c51a2133842","name":"Le CavO","logo":{"@id":"https:\/\/lecavo.ch\/soirees\/#\/schema\/person\/image\/"},"sameAs":["https:\/\/lecavo.ch"]}]}},"_links":{"self":[{"href":"https:\/\/lecavo.ch\/soirees\/wp-json\/wp\/v2\/pages\/88","targetHints":{"allow":["GET"]}}],"collection":[{"href":"https:\/\/lecavo.ch\/soirees\/wp-json\/wp\/v2\/pages"}],"about":[{"href":"https:\/\/lecavo.ch\/soirees\/wp-json\/wp\/v2\/types\/page"}],"author":[{"embeddable":true,"href":"https:\/\/lecavo.ch\/soirees\/wp-json\/wp\/v2\/users\/1"}],"replies":[{"embeddable":true,"href":"https:\/\/lecavo.ch\/soirees\/wp-json\/wp\/v2\/comments?post=88"}],"version-history":[{"count":0,"href":"https:\/\/lecavo.ch\/soirees\/wp-json\/wp\/v2\/pages\/88\/revisions"}],"wp:attachment":[{"href":"https:\/\/lecavo.ch\/soirees\/wp-json\/wp\/v2\/media?parent=88"}],"curies":[{"name":"wp","href":"https:\/\/api.w.org\/{rel}","templated":true}]}}